{"id":401,"date":"2021-11-01T11:30:50","date_gmt":"2021-11-01T11:30:50","guid":{"rendered":"https:\/\/demo.athemes.com\/sydney-main\/?page_id=401"},"modified":"2023-03-13T23:05:05","modified_gmt":"2023-03-13T23:05:05","slug":"about","status":"publish","type":"page","link":"https:\/\/meredesdeprotecao.com\/index.php\/about\/","title":{"rendered":"Descri\u00e7\u00e3o"},"content":{"rendered":"\n<p><\/p>\n\n\n<h6>\u00a0<\/h6>\n<h2>Descri\u00e7\u00f5es<\/h2>\n<p>As <b>redes de prote\u00e7\u00e3o <img decoding=\"async\" loading=\"lazy\" class=\"size-medium wp-image-777 alignleft\" src=\"https:\/\/meredesdeprotecao.com\/wp-content\/uploads\/2023\/03\/WhatsApp-Image-2023-02-16-at-12.35.43-e1678034143778-257x300.jpeg\" alt=\"\" width=\"257\" height=\"300\" srcset=\"https:\/\/meredesdeprotecao.com\/wp-content\/uploads\/2023\/03\/WhatsApp-Image-2023-02-16-at-12.35.43-e1678034143778-257x300.jpeg 257w, https:\/\/meredesdeprotecao.com\/wp-content\/uploads\/2023\/03\/WhatsApp-Image-2023-02-16-at-12.35.43-e1678034143778-230x268.jpeg 230w, https:\/\/meredesdeprotecao.com\/wp-content\/uploads\/2023\/03\/WhatsApp-Image-2023-02-16-at-12.35.43-e1678034143778-350x408.jpeg 350w, https:\/\/meredesdeprotecao.com\/wp-content\/uploads\/2023\/03\/WhatsApp-Image-2023-02-16-at-12.35.43-e1678034143778-480x560.jpeg 480w, https:\/\/meredesdeprotecao.com\/wp-content\/uploads\/2023\/03\/WhatsApp-Image-2023-02-16-at-12.35.43-e1678034143778.jpeg 720w\" sizes=\"(max-width: 257px) 100vw, 257px\" \/>s\u00e3o muito utilizadas em janelas, sacadas e varandas de apartamentos ou sobrados como item de seguran\u00e7a contra quedas acidentais de pessoas ou animais de estima\u00e7\u00e3o. Nesse caso, o material (nylon Poliamida ou nylon Polietileno) tem malha de 3 cm a 5 cm e capacidade de resist\u00eancia de at\u00e9 500kg por metro quadrado\u00b2.<sup id=\"cite_ref-2\" class=\"reference\"><\/sup><\/b><\/p>\n<h2>\u00a0<\/h2>\n<h6>01 &#8211; As malhas de 3 cm s\u00e3o indicadas para ambientes com crian\u00e7as pequenas ou animais de estima\u00e7\u00e3o. O espa\u00e7amento menor entre as redes dificulta a passagem e com isso garantem a seguran\u00e7a. Em situa\u00e7\u00f5es onde a resid\u00eancia tem crian\u00e7as maiores de 5 anos ou adultos, \u00e9 recomendado o uso da malha de 5 cm, que \u00e9 considerada a trama padr\u00e3o do mercado.<\/h6>\n<p>\u00a0<\/p>\n<h6>02 &#8211; As redes de prote\u00e7\u00e3o (ou <b>tela de prote\u00e7\u00e3o<\/b>) de\u00a0<strong>Poliamida<\/strong>\u00a0s\u00e3o indicadas para ambientes internos, como v\u00e3o de escadas. J\u00e1 as redes de prote\u00e7\u00e3o de<strong>\u00a0Polietileno<\/strong>\u00a0s\u00e3o indicadas para ambientes externos, pois nesse caso, o nylon recebe tratamento anti UV e antioxidante para maior durabilidade do produto diante das a\u00e7\u00f5es do tempo.<\/h6>\n\n\n<figure class=\"wp-block-image size-large\"><img decoding=\"async\" loading=\"lazy\" width=\"1024\" height=\"622\" src=\"https:\/\/meredesdeprotecao.com\/wp-content\/uploads\/2023\/03\/cropped-WhatsApp-Image-2023-02-16-at-12.35.44-e1678029892950-1024x622.jpeg\" alt=\"\" class=\"wp-image-761\" srcset=\"https:\/\/meredesdeprotecao.com\/wp-content\/uploads\/2023\/03\/cropped-WhatsApp-Image-2023-02-16-at-12.35.44-e1678029892950-1024x622.jpeg 1024w, https:\/\/meredesdeprotecao.com\/wp-content\/uploads\/2023\/03\/cropped-WhatsApp-Image-2023-02-16-at-12.35.44-e1678029892950-300x182.jpeg 300w, https:\/\/meredesdeprotecao.com\/wp-content\/uploads\/2023\/03\/cropped-WhatsApp-Image-2023-02-16-at-12.35.44-e1678029892950-768x466.jpeg 768w, https:\/\/meredesdeprotecao.com\/wp-content\/uploads\/2023\/03\/cropped-WhatsApp-Image-2023-02-16-at-12.35.44-e1678029892950-1536x933.jpeg 1536w, https:\/\/meredesdeprotecao.com\/wp-content\/uploads\/2023\/03\/cropped-WhatsApp-Image-2023-02-16-at-12.35.44-e1678029892950-1000x607.jpeg 1000w, https:\/\/meredesdeprotecao.com\/wp-content\/uploads\/2023\/03\/cropped-WhatsApp-Image-2023-02-16-at-12.35.44-e1678029892950-230x140.jpeg 230w, https:\/\/meredesdeprotecao.com\/wp-content\/uploads\/2023\/03\/cropped-WhatsApp-Image-2023-02-16-at-12.35.44-e1678029892950-350x213.jpeg 350w, https:\/\/meredesdeprotecao.com\/wp-content\/uploads\/2023\/03\/cropped-WhatsApp-Image-2023-02-16-at-12.35.44-e1678029892950-480x292.jpeg 480w, https:\/\/meredesdeprotecao.com\/wp-content\/uploads\/2023\/03\/cropped-WhatsApp-Image-2023-02-16-at-12.35.44-e1678029892950.jpeg 1920w\" sizes=\"(max-width: 1024px) 100vw, 1024px\" \/><\/figure>\n","protected":false},"excerpt":{"rendered":"<p>\u00a0 Descri\u00e7\u00f5es As redes de prote\u00e7\u00e3o s\u00e3o muito utilizadas em janelas, sacadas e varandas de apartamentos ou sobrados como item de seguran\u00e7a contra quedas acidentais de pessoas ou animais de estima\u00e7\u00e3o. Nesse caso, o material (nylon Poliamida ou nylon Polietileno) tem malha de 3 cm a 5 cm e capacidade de resist\u00eancia de at\u00e9 500kg &hellip;<\/p>\n<p class=\"read-more\"> <a class=\"\" href=\"https:\/\/meredesdeprotecao.com\/index.php\/about\/\"> <span class=\"screen-reader-text\">Descri\u00e7\u00e3o<\/span> Leia mais &raquo;<\/a><\/p>\n","protected":false},"author":1,"featured_media":777,"parent":0,"menu_order":0,"comment_status":"closed","ping_status":"closed","template":"","meta":{"_monsterinsights_skip_tracking":false,"_monsterinsights_sitenote_active":false,"_monsterinsights_sitenote_note":"","_monsterinsights_sitenote_category":0,"site-sidebar-layout":"default","site-content-layout":"default","ast-global-header-display":"","ast-main-header-display":"","ast-hfb-above-header-display":"","ast-hfb-below-header-display":"","ast-hfb-mobile-header-display":"","site-post-title":"","ast-breadcrumbs-content":"","ast-featured-img":"","footer-sml-layout":"","theme-transparent-header-meta":"","adv-header-id-meta":"","stick-header-meta":"","header-above-stick-meta":"","header-main-stick-meta":"","header-below-stick-meta":""},"_links":{"self":[{"href":"https:\/\/meredesdeprotecao.com\/index.php\/wp-json\/wp\/v2\/pages\/401"}],"collection":[{"href":"https:\/\/meredesdeprotecao.com\/index.php\/wp-json\/wp\/v2\/pages"}],"about":[{"href":"https:\/\/meredesdeprotecao.com\/index.php\/wp-json\/wp\/v2\/types\/page"}],"author":[{"embeddable":true,"href":"https:\/\/meredesdeprotecao.com\/index.php\/wp-json\/wp\/v2\/users\/1"}],"replies":[{"embeddable":true,"href":"https:\/\/meredesdeprotecao.com\/index.php\/wp-json\/wp\/v2\/comments?post=401"}],"version-history":[{"count":10,"href":"https:\/\/meredesdeprotecao.com\/index.php\/wp-json\/wp\/v2\/pages\/401\/revisions"}],"predecessor-version":[{"id":1114,"href":"https:\/\/meredesdeprotecao.com\/index.php\/wp-json\/wp\/v2\/pages\/401\/revisions\/1114"}],"wp:featuredmedia":[{"embeddable":true,"href":"https:\/\/meredesdeprotecao.com\/index.php\/wp-json\/wp\/v2\/media\/777"}],"wp:attachment":[{"href":"https:\/\/meredesdeprotecao.com\/index.php\/wp-json\/wp\/v2\/media?parent=401"}],"curies":[{"name":"wp","href":"https:\/\/api.w.org\/{rel}","templated":true}]}}